List the prime factors of c.
81647
Suppose 0 = 16*n - 19*n - 36. Let w(p) = -28*p + 1. List the prime factors of w(n).
337
Let w(t) = 46*t - 1. Let v be w(-2). Let h = 56 + v. Let i = -24 - h. List the prime factors of i.
13
Suppose 0 = 4*c + o - 128237, 33*c - 32081 = 32*c + 7*o. List the prime factors of c.
2, 5, 7, 229
Let r = 1067 - -6545. What are the prime factors of r?
2, 11, 173
Suppose 5*t = -3*u + 65482, 22381 + 16907 = 3*t + 2*u. What are the prime factors of t?
2, 5, 131
Let q be 4/(-6) - 13/78*-25612. Suppose -17*k - 1667 + q = 0. What are the prime factors of k?
3, 17
Suppose -8*w + 123 = -125. Let y = w - 26. Suppose -5*m = -y*g - 185, -7*g - 147 = -4*m - 2*g. List the prime factors of m.
2, 19
Let l be (-36548)/(-17) - (-8)/68. Let y = 3057 - l. List the prime factors of y.
907
Let u(x) = 8*x**2 + x + 5. Let o be u(-2). Let f = o - 33. List the prime factors of ((3 + -4)*-88)/f.
2, 11
Let w be 17/2 - (-1)/2. Suppose w = -v + 11. List the prime factors of v.
2
Suppose 70*h + 2*c = 65*h + 28379, -22696 = -4*h + 2*c. List the prime factors of h.
5, 227
Let k(t) = -43*t - 14*t**2 - 2*t**2 - t**3 + 19 + 82*t + 2*t**2. Let l be 1057/(-63) + (-4)/18. What are the prime factors of k(l)?
223
Suppose 0 = 3*x + 5*d - 501, -5*d = x - 139 - 18. Let p be x/6*(7/2 - 2). Suppose -11*q + 1211 = -p. List the prime factors of q.
2, 3, 19
Let w = -856 - 201. Let d = -336 - w. List the prime factors of d.
7, 103
Suppose 0 = -230*r + 234*r - 2104. Let c = 948 - r. List the prime factors of c.
2, 211
Suppose a = -1, 9*h = 5*h + a + 6709. Suppose -188 - 2065 = -4*g + d, 3*g = 5*d + h. What are the prime factors of g?
2, 3, 47
Let u = 152 + -154. What are the prime factors of (-82 - u)/((-2)/29)?
2, 5, 29
Suppose -i = 4*p - 14428, -i - 82*p + 14416 = -80*p. What are the prime factors of i?
2, 13, 277
What are the prime factors of (121 - 124)/(6/(-16898))?
7, 17, 71
Let j(t) = 30*t - 278. Suppose 0 = 4*m - 3*x - 126, -12 + 16 = 2*x. List the prime factors of j(m).
2, 89
What are the prime factors of -6 - -36746 - (26*-2)/(-4)?
19, 1933
Let u be ((-82929)/22)/(6/(-4)). Let g = u - 1369. List the prime factors of g.
2, 11, 13
Let v(a) = 15*a + 3859. List the prime factors of v(21).
2, 2087
Let m = -287 + -72. Let v = 730 + m. What are the prime factors of v?
7, 53
Suppose 5*y + 5*i = -5, -3*i = -4*i - 3. Suppose -p = -3*t - 243, 0 = -4*p - y*t + 487 + 415. What are the prime factors of p?
2, 3, 19
Let u(r) be the second derivative of 5*r**4 + r**3/6 - r**2 - 2*r + 2. List the prime factors of u(1).
59
Suppose -195*t + 3244801 = -62*t. What are the prime factors of t?
31, 787
Let i = 48 + -3. Let m = i - 55. List the prime factors of (-134)/m*15/(-12)*-4.
67
Let n be (-22)/(-4) + (-10)/20. Suppose -l + 949 = -n*k, 2*l = -4*k + 7*k + 1870. List the prime factors of l.
929
Let n = -1 - 2. Let y be 0 + 4 - (-2 - (n - -1)). Suppose 102 = -3*t + y*t. What are the prime factors of t?
2, 3, 17
Suppose -6*p + 5*y = -21020, 0 = -2*p - 0*y - 3*y + 7016. What are the prime factors of p?
5, 701
Let n(p) be the third derivative of 7*p**4/24 + 3*p**3/2 - 19*p**2. Let y be n(-2). List the prime factors of (-1 - -148) + (-5)/(y/3).
2, 3, 5
Let u = -390 + 1254. Suppose -u = -5*x + 561. List the prime factors of x.
3, 5, 19
Suppose -21*z + 17*z + 156143 = -5*n, -2*z + 2*n + 78072 = 0. List the prime factors of z.
103, 379
Let x(i) = -i**2 + 9*i - 14. Let c be x(3). Suppose c*z = -3*z + 35. Suppose z*l + 792 = 4*q, l - 613 = -4*q + 179. What are the prime factors of q?
2, 3, 11
Let q = 778 - 776. Suppose -3313 = -3*g + 2*y, q*g - 1099 = g - 2*y. What are the prime factors of g?
1103
Let t = -351 - 47. Suppose -656 = 3*k - 5*a, -7*k + 4*k + 2*a - 671 = 0. Let c = k - t. List the prime factors of c.
3, 19
Let u = 50 - 46. Suppose -2*c + 56 = -6*c. List the prime factors of ((1 - u) + c)*(0 + -2).
2, 17
What are the prime factors of -3 - (-3 - 3) - (-6 - 2 - 41555)?
2, 7, 2969
Let c(z) = 90*z**2 - 67*z - 491. List the prime factors of c(-16).
13, 23, 79
Let r be 95*-1*-1 - -3. Let t = 15 + -56. Let w = t + r. List the prime factors of w.
3, 19
Suppose -15 = -5*u - 3*w, -4*u + 4*w - 5*w = -12. Suppose -4*g + 25 = u*k, -k + 1 = 2*g - 8. Suppose k*v = 11*v - 284. What are the prime factors of v?
71
Let z = 100 + -74. Let v = z + -9. Let p(b) = b**3 - 17*b**2 + 2*b - 17. What are the prime factors of p(v)?
17
Let v = -14170 - -17526. List the prime factors of v.
2, 839
Let r(j) = 37*j**2 + 33*j - 845. List the prime factors of r(31).
5, 7, 1021
Let c be (-286)/(-77) - 2/(-7). Suppose -3*n - 3*h + 12 = -2*n, -2*h = c*n - 18. What are the prime factors of (0 + (31 - -2))/(n/3)?
3, 11
Let f(i) = 55*i + 38. Let p(t) = -2*t. Let j(y) = -2*f(y) - 22*p(y). What are the prime factors of j(-4)?
2, 47
Suppose 3*o = 5*h - 10, -3*o + 5 - 1 = 2*h. Suppose o = -7*i - 9*i + 7744. List the prime factors of i.
2, 11
Suppose 0 = -7*o + 6*o - n - 318, -o - 326 = -n. Let x = -80 - o. List the prime factors of x.
2, 11
What are the prime factors of 9373 + (13 - (23 - 20))?
11, 853
What are the prime factors of (-15 + 3)*(-1234)/3?
2, 617
Let u = -52 - -55. Suppose -17*y + u = -48. Suppose 5*k - 505 = -y*b, 0 = -k - 2 + 4. List the prime factors of b.
3, 5, 11
Let b be (-7 - 1)/((-128)/160). Suppose 5*z = -b*s + 12*s - 1544, 12 = -3*z. List the prime factors of s.
2, 3, 127
Let m = 31 + -27. Let a be m - (1 - 6/(-3)). List the prime factors of (a + 3)*1 - -30.
2, 17
Let i(n) = -n**3 - 8*n**2 + 24*n + 40. Let z be i(-10). Suppose -y - 128 + 417 = z. What are the prime factors of y?
17
Suppose -3*l + 18 = -0. Suppose l*t + 285 = 2223. What are the prime factors of t?
17, 19
Let h(p) be the second derivative of p**4/3 + 31*p**3/6 - 17*p**2/2 + 3*p - 19. What are the prime factors of h(-12)?
11, 17
Suppose -176*v + 542498 = -1030238. What are the prime factors of v?
2, 1117
Let l(b) = 93*b**2 + 32*b + 236. What are the prime factors of l(12)?
2, 31, 113
Suppose 806 = -4*k + k + f, f + 539 = -2*k. Let l = 82 - k. What are the prime factors of l?
3, 13
Suppose 0 = -2*m + 2*u + 30802, 5*u = 71*m - 70*m - 15401. List the prime factors of m.
15401
Suppose -5*l = -2*x - 8748 + 56085, -5*l = 5*x - 118395. What are the prime factors of x?
2, 3, 1973
List the prime factors of 1466*2 - 6*4/(-24).
7, 419
Let v(h) = -40*h + 114. Suppose -3*b + 66 = -5*u, -2*u = u - 2*b + 40. What are the prime factors of v(u)?
2, 3, 11
Let j(g) = 34*g**2 + 12*g - 16. Let n be j(4). Suppose -7*o = -649 - n. List the prime factors of o.
5, 7
Let o(r) = 6*r + 46. Let z be o(-7). Suppose -z*p + 1105 = -17*p. List the prime factors of 1*-5*2176/p.
2
Suppose 12 + 6 = -9*t. List the prime factors of (t - (-42)/15)*1555.
2, 311
Suppose -5*k + 6*k + q - 543 = 0, -3*k = 4*q - 1629. List the prime factors of k.
3, 181
Let z be 9375/(-175) - ((-34)/(-14) + -2). List the prime factors of (6665/2)/5 - (-27)/z.
2, 3, 37
Suppose -v + 14 = 9. Let q(x) = 5*x**2 + 49 - x**2 - v*x**2. List the prime factors of q(0).
7
Suppose 32 = 9*r - r. Let v be 18/6 - (r/(-1) - -3). Suppose v*d + 4*o = 6*o + 502, 4*d + o = 517. List the prime factors of d.
2
Let x(y) = 52*y - 52. Let s be x(8). Suppose -20*p + 16*p - s = 0. Let c = p + 186. What are the prime factors of c?
5, 19
Suppose -1156*z + 1141*z = -36060. What are the prime factors of z?
2, 601
Suppose -170 = 4*i - 606. Suppose 5*h - 124 = 6. Let f = i - h. What are the prime factors of f?
83
Suppose -50 = -71*f + 81*f. Let d(t) = -27*t - 15. List the prime factors of d(f).
2, 3, 5
Let b(k) be the first derivative of 2*k**3/3 + k**2/2 + 795*k + 108. What are the prime factors of b(0)?
3, 5, 53
Suppose 4271 = 3*n + 2*i, -3*n - 4*i + 2389 + 1878 = 0. What are the prime factors of n?
3, 5, 19
Suppose 7*k - 24336 = -32*k. Suppose 12*p - 624 = k. What are the prime factors of p?
2, 13
Let h(a) = -a**2 + 22*a - 10. Let n = 14 + 4. What are the prime factors of h(n)?
2, 31
Let f(y) = -583*y + 260. List the prime factors of f(-4).
2, 3
Let c = -8224 + 13902. What are the prime factors of c?
2, 17, 167
Let u be (-6)/(-18) + (-5739)/(-9). Suppose -4*w + 1528 = -4*f, 3*w = f + 514 + u. What are the prime factors of w?
5, 7, 11
Let s(x) = 3785*x - 276. List the prime factors of s(3).
3, 1231
Let p(v) = 53*v**2 - 2*v 